{"id":138,"date":"2022-10-17T10:19:39","date_gmt":"2022-10-17T08:19:39","guid":{"rendered":"https:\/\/feenix.fr\/?page_id=138"},"modified":"2024-11-19T20:56:52","modified_gmt":"2024-11-19T19:56:52","slug":"qui-suis-je","status":"publish","type":"page","link":"https:\/\/feenix.fr\/index.php\/qui-suis-je\/","title":{"rendered":"Qui suis-je?"},"content":{"rendered":"\t\t<div data-elementor-type=\"wp-page\" data-elementor-id=\"138\" class=\"elementor elementor-138\">\n\t\t\t\t\t\t\t\t\t<section class=\"elementor-section elementor-top-section elementor-element elementor-element-13c3f52a elementor-section-boxed elementor-section-height-default elementor-section-height-default\" data-id=\"13c3f52a\" data-element_type=\"section\">\n\t\t\t\t\t\t<div class=\"elementor-container elementor-column-gap-default\">\n\t\t\t\t\t<div class=\"elementor-column elementor-col-50 elementor-top-column elementor-element elementor-element-7cc20b8c\" data-id=\"7cc20b8c\" data-element_type=\"column\">\n\t\t\t<div class=\"elementor-widget-wrap elementor-element-populated\">\n\t\t\t\t\t\t\t\t<div class=\"elementor-element elementor-element-32aa01c4 elementor-widget elementor-widget-image\" data-id=\"32aa01c4\" data-element_type=\"widget\" data-widget_type=\"image.default\">\n\t\t\t\t<div class=\"elementor-widget-container\">\n\t\t\t<style>\/*! elementor - v3.7.8 - 02-10-2022 *\/\n.elementor-widget-image{text-align:center}.elementor-widget-image a{display:inline-block}.elementor-widget-image a img[src$=\".svg\"]{width:48px}.elementor-widget-image img{vertical-align:middle;display:inline-block}<\/style>\t\t\t\t\t\t\t\t\t\t\t\t<img src=\"https:\/\/feenix.fr\/wp-content\/uploads\/2022\/10\/allan-ploux-photographe-mariage-bretagne-28.jpg\" title=\"\" alt=\"\" \/>\t\t\t\t\t\t\t\t\t\t\t\t\t\t\t<\/div>\n\t\t\t\t<\/div>\n\t\t\t\t<div class=\"elementor-element elementor-element-8ce3b14 elementor-widget elementor-widget-image\" data-id=\"8ce3b14\" data-element_type=\"widget\" data-widget_type=\"image.default\">\n\t\t\t\t<div class=\"elementor-widget-container\">\n\t\t\t\t\t\t\t\t\t\t\t\t\t\t\t<img width=\"480\" height=\"640\" src=\"https:\/\/feenix.fr\/wp-content\/uploads\/2022\/11\/reinnaise-coach-sportif.jpeg\" class=\"attachment-full size-full\" alt=\"\" loading=\"lazy\" srcset=\"https:\/\/feenix.fr\/wp-content\/uploads\/2022\/11\/reinnaise-coach-sportif.jpeg 480w, https:\/\/feenix.fr\/wp-content\/uploads\/2022\/11\/reinnaise-coach-sportif-225x300.jpeg 225w\" sizes=\"(max-width: 480px) 100vw, 480px\" \/>\t\t\t\t\t\t\t\t\t\t\t\t\t\t\t<\/div>\n\t\t\t\t<\/div>\n\t\t\t\t<div class=\"elementor-element elementor-element-47c62a6 elementor-widget elementor-widget-spacer\" data-id=\"47c62a6\" data-element_type=\"widget\" data-widget_type=\"spacer.default\">\n\t\t\t\t<div class=\"elementor-widget-container\">\n\t\t\t<style>\/*! elementor - v3.7.8 - 02-10-2022 *\/\n.elementor-column .elementor-spacer-inner{height:var(--spacer-size)}.e-container{--container-widget-width:100%}.e-container>.elementor-widget-spacer{width:var(--container-widget-width,var(--spacer-size));-ms-flex-item-align:stretch;align-self:stretch;-ms-flex-negative:0;flex-shrink:0}.e-container>.elementor-widget-spacer>.elementor-widget-container,.e-container>.elementor-widget-spacer>.elementor-widget-container>.elementor-spacer{height:100%}.e-container>.elementor-widget-spacer>.elementor-widget-container>.elementor-spacer>.elementor-spacer-inner{height:var(--container-widget-height,var(--spacer-size))}<\/style>\t\t<div class=\"elementor-spacer\">\n\t\t\t<div class=\"elementor-spacer-inner\"><\/div>\n\t\t<\/div>\n\t\t\t\t<\/div>\n\t\t\t\t<\/div>\n\t\t\t\t<div class=\"elementor-element elementor-element-3860ffbd elementor-widget elementor-widget-image\" data-id=\"3860ffbd\" data-element_type=\"widget\" data-widget_type=\"image.default\">\n\t\t\t\t<div class=\"elementor-widget-container\">\n\t\t\t\t\t\t\t\t\t\t\t\t\t\t\t\t<a href=\"https:\/\/www.mariages.net\/photo-mariage\/allan-ploux--e265981\" target=\"_blank\">\n\t\t\t\t\t\t\t<img width=\"506\" height=\"480\" src=\"https:\/\/feenix.fr\/wp-content\/uploads\/2022\/11\/reinnaise-coach-sportif-rennes.jpeg\" class=\"attachment-full size-full\" alt=\"\" loading=\"lazy\" srcset=\"https:\/\/feenix.fr\/wp-content\/uploads\/2022\/11\/reinnaise-coach-sportif-rennes.jpeg 506w, https:\/\/feenix.fr\/wp-content\/uploads\/2022\/11\/reinnaise-coach-sportif-rennes-300x285.jpeg 300w\" sizes=\"(max-width: 506px) 100vw, 506px\" \/>\t\t\t\t\t\t\t\t<\/a>\n\t\t\t\t\t\t\t\t\t\t\t\t\t\t\t<\/div>\n\t\t\t\t<\/div>\n\t\t\t\t\t<\/div>\n\t\t<\/div>\n\t\t\t\t<div class=\"elementor-column elementor-col-50 elementor-top-column elementor-element elementor-element-53a049c6\" data-id=\"53a049c6\" data-element_type=\"column\">\n\t\t\t<div class=\"elementor-widget-wrap elementor-element-populated\">\n\t\t\t\t\t\t\t\t<div class=\"elementor-element elementor-element-c66df62 elementor-widget elementor-widget-heading\" data-id=\"c66df62\" data-element_type=\"widget\" data-widget_type=\"heading.default\">\n\t\t\t\t<div class=\"elementor-widget-container\">\n\t\t\t<style>\/*! elementor - v3.7.8 - 02-10-2022 *\/\n.elementor-heading-title{padding:0;margin:0;line-height:1}.elementor-widget-heading .elementor-heading-title[class*=elementor-size-]>a{color:inherit;font-size:inherit;line-height:inherit}.elementor-widget-heading .elementor-heading-title.elementor-size-small{font-size:15px}.elementor-widget-heading .elementor-heading-title.elementor-size-medium{font-size:19px}.elementor-widget-heading .elementor-heading-title.elementor-size-large{font-size:29px}.elementor-widget-heading .elementor-heading-title.elementor-size-xl{font-size:39px}.elementor-widget-heading .elementor-heading-title.elementor-size-xxl{font-size:59px}<\/style><h1 class=\"elementor-heading-title elementor-size-default\"><i><b>Qui suis-je?<\/b><\/i><\/h1>\t\t<\/div>\n\t\t\t\t<\/div>\n\t\t\t\t<div class=\"elementor-element elementor-element-a2f051a elementor-widget elementor-widget-spacer\" data-id=\"a2f051a\" data-element_type=\"widget\" data-widget_type=\"spacer.default\">\n\t\t\t\t<div class=\"elementor-widget-container\">\n\t\t\t\t\t<div class=\"elementor-spacer\">\n\t\t\t<div class=\"elementor-spacer-inner\"><\/div>\n\t\t<\/div>\n\t\t\t\t<\/div>\n\t\t\t\t<\/div>\n\t\t\t\t<div class=\"elementor-element elementor-element-58e632a elementor-widget elementor-widget-text-editor\" data-id=\"58e632a\" data-element_type=\"widget\" data-widget_type=\"text-editor.default\">\n\t\t\t\t<div class=\"elementor-widget-container\">\n\t\t\t<style>\/*! elementor - v3.7.8 - 02-10-2022 *\/\n.elementor-widget-text-editor.elementor-drop-cap-view-stacked .elementor-drop-cap{background-color:#818a91;color:#fff}.elementor-widget-text-editor.elementor-drop-cap-view-framed .elementor-drop-cap{color:#818a91;border:3px solid;background-color:transparent}.elementor-widget-text-editor:not(.elementor-drop-cap-view-default) .elementor-drop-cap{margin-top:8px}.elementor-widget-text-editor:not(.elementor-drop-cap-view-default) .elementor-drop-cap-letter{width:1em;height:1em}.elementor-widget-text-editor .elementor-drop-cap{float:left;text-align:center;line-height:1;font-size:50px}.elementor-widget-text-editor .elementor-drop-cap-letter{display:inline-block}<\/style>\t\t\t\t<p>Je me pr\u00e9nomme Reinnaise, con\u00e7ue en Thailande et n\u00e9e \u00e0 Rennes.<\/p><p>Non ce n\u2019est pas une blague\u00a0!<\/p><p>Mais il n\u2019emp\u00eache que j\u2019aime beaucoup Sourire &amp; surtout Rire.<\/p>\t\t\t\t\t\t<\/div>\n\t\t\t\t<\/div>\n\t\t\t\t<div class=\"elementor-element elementor-element-040ce02 elementor-widget elementor-widget-spacer\" data-id=\"040ce02\" data-element_type=\"widget\" data-widget_type=\"spacer.default\">\n\t\t\t\t<div class=\"elementor-widget-container\">\n\t\t\t\t\t<div class=\"elementor-spacer\">\n\t\t\t<div class=\"elementor-spacer-inner\"><\/div>\n\t\t<\/div>\n\t\t\t\t<\/div>\n\t\t\t\t<\/div>\n\t\t\t\t<div class=\"elementor-element elementor-element-5a86b84 elementor-widget elementor-widget-text-editor\" data-id=\"5a86b84\" data-element_type=\"widget\" data-widget_type=\"text-editor.default\">\n\t\t\t\t<div class=\"elementor-widget-container\">\n\t\t\t\t\t\t\t<p><span style=\"font-family: Times New Roman, serif;\"><span style=\"font-size: xx-large;\">\u00ab\u00a0Souris \u00e0 la Vie et la Vie te Sourira !\u00a0\u00bb<\/span><\/span><\/p>\t\t\t\t\t\t<\/div>\n\t\t\t\t<\/div>\n\t\t\t\t<div class=\"elementor-element elementor-element-dcc4d56 elementor-widget elementor-widget-spacer\" data-id=\"dcc4d56\" data-element_type=\"widget\" data-widget_type=\"spacer.default\">\n\t\t\t\t<div class=\"elementor-widget-container\">\n\t\t\t\t\t<div class=\"elementor-spacer\">\n\t\t\t<div class=\"elementor-spacer-inner\"><\/div>\n\t\t<\/div>\n\t\t\t\t<\/div>\n\t\t\t\t<\/div>\n\t\t\t\t<div class=\"elementor-element elementor-element-f9c123f elementor-widget elementor-widget-text-editor\" data-id=\"f9c123f\" data-element_type=\"widget\" data-widget_type=\"text-editor.default\">\n\t\t\t\t<div class=\"elementor-widget-container\">\n\t\t\t\t\t\t\t<p>F\u00e9enix, ce mot traduit plusieurs moments de ma vie &amp; plus pr\u00e9cis\u00e9ment apr\u00e8s mes 2 superbes grossesses, o\u00f9 j&rsquo;ai pris 42 kg &amp; 35 kg en 2 ans.<\/p><p>Et oui, je ne fais pas les choses \u00e0 moiti\u00e9 !!<\/p><p>Je d\u00e9cide de changer ma vie et de me faire accompagner par un super coach, qui a su travailler sur l&rsquo;ensemble de ma personne :<\/p><ul><li>Mon physique<\/li><li>Mon mental<\/li><li>Mes habitudes (alimentaires, familiales, pro&#8230;)<\/li><li>Mon approche globale<\/li><\/ul><p>Apr\u00e8s 2 ans de coaching, apr\u00e8s des moments de doutes &amp; de difficult\u00e9s.<br \/>Mon coach me sort de ma zone de confort, je change petit \u00e0 petit mes habitudes, je vais puiser au plus profond de moi, de l&rsquo;\u00e9nergie que je ne soup\u00e7onnais m\u00eame pas, gr\u00e2ce \u00e0 mon coach mais surtout m&rsquo;a-t-il dit gr\u00e2ce \u00e0 moi !<\/p><p>Un jour, j&rsquo;ai enfin atteint le sommet de ma propre montagne &amp; repris possession de mon corps, de ma t\u00eate, de ma vie. <\/p><p>En tous les cas, je cultive le positivisme au maximum !<\/p><div>\u00a0<\/div>\t\t\t\t\t\t<\/div>\n\t\t\t\t<\/div>\n\t\t\t\t<div class=\"elementor-element elementor-element-a519ee5 elementor-widget elementor-widget-text-editor\" data-id=\"a519ee5\" data-element_type=\"widget\" data-widget_type=\"text-editor.default\">\n\t\t\t\t<div class=\"elementor-widget-container\">\n\t\t\t\t\t\t\t<p><span style=\"font-family: Times New Roman, serif;\"><span style=\"font-size: xx-large;\">\u00ab\u00a0Je renais \u00e0 nouveau!\u00a0\u00bb<br \/><\/span><\/span><\/p>\t\t\t\t\t\t<\/div>\n\t\t\t\t<\/div>\n\t\t\t\t<div class=\"elementor-element elementor-element-df38706 elementor-widget elementor-widget-text-editor\" data-id=\"df38706\" data-element_type=\"widget\" data-widget_type=\"text-editor.default\">\n\t\t\t\t<div class=\"elementor-widget-container\">\n\t\t\t\t\t\t\t<p>J\u2019ai eu plusieurs vies professionnelles\u00a0:<\/p><ul><li><p>Travailler dans un grand groupe international<\/p><\/li><li><p>Cr\u00e9atrice &amp; dirigeante de plusieurs entreprises (15 ans)<\/p><\/li><li><p>Coach Sport Sant\u00e9<\/p><\/li><\/ul><p>Je pratique la course \u00e0 pied, trail, tai chi &amp; la boxe thai\u2026<\/p><p>\u00a0<\/p><p>Mes hobbies\u00a0: les voyages, les repas en famille, entre amis, les sorties, la randonn\u00e9e, aide en association \u2026<\/p><p>\u00a0<\/p><p><b>Formations\u00a0:<\/b><\/p><ul><li style=\"list-style-type: none;\"><ul><li><p>Dipl\u00f4me CQP en sport Sant\u00e9<\/p><\/li><li><p>Formation Pilate &amp; Streching avec RD Pilate<\/p><\/li><li><p>Formation APA reconnu par l\u2019ARS de Bretagne<\/p><\/li><li><p>Formation Sons &amp; Vibration avec Axelle SUN\u00a0<\/p><\/li><li><p><span style=\"color: var( --e-global-color-primary );\">Certification APA reconnu par l&rsquo;ARS Avec les modules suivants :<\/span><\/p><\/li><\/ul><\/li><\/ul><ul><li style=\"list-style-type: none;\"><ul><li>Cancer<\/li><li>Coeur- Ob\u00e9sit\u00e9 &#8211; Diab\u00e8te<\/li><li>TMS (troubles musculo squelettiques)<\/li><li>Vieillesse &amp; Perte d&rsquo;autonomie<\/li><li>Maladies respiratoires<\/li><\/ul><\/li><\/ul><p>Qu\u2019est- ce que l\u2019APA :\u00a0<\/p><p>L\u2019Activit\u00e9 Physique Adapt\u00e9e (APA) permet un accompagnement dans la pratique d\u2019une\u00a0activit\u00e9 physique int\u00e9grant une approche sant\u00e9.<\/p><p>Un encadrement assur\u00e9 : \u00a0protocole de prise en charge pluridisciplinaire\u00a0adapt\u00e9 aux besoins m\u00e9dicaux-sportifs sp\u00e9cifiques des participants.<\/p><p>Pour \u00e9pauler au mieux les individus, quel que soit leur \u00e9tat de forme.<\/p>\t\t\t\t\t\t<\/div>\n\t\t\t\t<\/div>\n\t\t\t\t\t<\/div>\n\t\t<\/div>\n\t\t\t\t\t\t\t<\/div>\n\t\t<\/section>\n\t\t\t\t<section class=\"elementor-section elementor-top-section elementor-element elementor-element-7e38dac0 elementor-section-content-middle elementor-section-boxed elementor-section-height-default elementor-section-height-default\" data-id=\"7e38dac0\" data-element_type=\"section\">\n\t\t\t\t\t\t<div class=\"elementor-container elementor-column-gap-default\">\n\t\t\t\t\t<div class=\"elementor-column elementor-col-100 elementor-top-column elementor-element elementor-element-2e0d5bd0\" data-id=\"2e0d5bd0\" data-element_type=\"column\">\n\t\t\t<div class=\"elementor-widget-wrap elementor-element-populated\">\n\t\t\t\t\t\t\t\t<div class=\"elementor-element elementor-element-4daa3f04 elementor-widget elementor-widget-spacer\" data-id=\"4daa3f04\" data-element_type=\"widget\" data-widget_type=\"spacer.default\">\n\t\t\t\t<div class=\"elementor-widget-container\">\n\t\t\t\t\t<div class=\"elementor-spacer\">\n\t\t\t<div class=\"elementor-spacer-inner\"><\/div>\n\t\t<\/div>\n\t\t\t\t<\/div>\n\t\t\t\t<\/div>\n\t\t\t\t\t<\/div>\n\t\t<\/div>\n\t\t\t\t\t\t\t<\/div>\n\t\t<\/section>\n\t\t\t\t\t\t\t<\/div>\n\t\t","protected":false},"excerpt":{"rendered":"<p>Qui suis-je? Je me pr\u00e9nomme Reinnaise, con\u00e7ue en Thailande et n\u00e9e \u00e0 Rennes. Non ce n\u2019est pas une blague\u00a0! Mais il n\u2019emp\u00eache que j\u2019aime beaucoup Sourire &amp; surtout Rire. \u00ab\u00a0Souris \u00e0 la Vie et la Vie te Sourira !\u00a0\u00bb F\u00e9enix, ce mot traduit plusieurs moments de ma vie &amp; plus pr\u00e9cis\u00e9ment apr\u00e8s mes 2 superbes [&hellip;]<\/p>\n","protected":false},"author":1,"featured_media":0,"parent":0,"menu_order":0,"comment_status":"closed","ping_status":"closed","template":"elementor_header_footer","meta":[],"yoast_head":"<!-- This site is optimized with the Yoast SEO plugin v19.8 - https:\/\/yoast.com\/wordpress\/plugins\/seo\/ -->\n<title>Qui suis-je? - F\u00e9enix<\/title>\n<meta name=\"description\" content=\"Professionnel fitness et coach sportif sur Rennes et ses environs : Je vous propose un coaching de tr\u00e8s haute qualit\u00e9\" \/>\n<meta name=\"robots\" content=\"index, follow, max-snippet:-1, max-image-preview:large, max-video-preview:-1\" \/>\n<link rel=\"canonical\" href=\"https:\/\/feenix.fr\/index.php\/qui-suis-je\/\" \/>\n<meta property=\"og:locale\" content=\"fr_FR\" \/>\n<meta property=\"og:type\" content=\"article\" \/>\n<meta property=\"og:title\" content=\"Qui suis-je? - F\u00e9enix\" \/>\n<meta property=\"og:description\" content=\"Professionnel fitness et coach sportif sur Rennes et ses environs : Je vous propose un coaching de tr\u00e8s haute qualit\u00e9\" \/>\n<meta property=\"og:url\" content=\"https:\/\/feenix.fr\/index.php\/qui-suis-je\/\" \/>\n<meta property=\"og:site_name\" content=\"F\u00e9enix\" \/>\n<meta property=\"article:modified_time\" content=\"2024-11-19T19:56:52+00:00\" \/>\n<meta property=\"og:image\" content=\"https:\/\/feenix.fr\/wp-content\/uploads\/2022\/10\/allan-ploux-photographe-mariage-bretagne-28.jpg\" \/>\n<meta name=\"twitter:card\" content=\"summary_large_image\" \/>\n<meta name=\"twitter:label1\" content=\"Dur\u00e9e de lecture estim\u00e9e\" \/>\n\t<meta name=\"twitter:data1\" content=\"3 minutes\" \/>\n<script type=\"application\/ld+json\" class=\"yoast-schema-graph\">{\"@context\":\"https:\/\/schema.org\",\"@graph\":[{\"@type\":\"WebPage\",\"@id\":\"https:\/\/feenix.fr\/index.php\/qui-suis-je\/\",\"url\":\"https:\/\/feenix.fr\/index.php\/qui-suis-je\/\",\"name\":\"Qui suis-je? - F\u00e9enix\",\"isPartOf\":{\"@id\":\"https:\/\/feenix.fr\/#website\"},\"datePublished\":\"2022-10-17T08:19:39+00:00\",\"dateModified\":\"2024-11-19T19:56:52+00:00\",\"description\":\"Professionnel fitness et coach sportif sur Rennes et ses environs : Je vous propose un coaching de tr\u00e8s haute qualit\u00e9\",\"breadcrumb\":{\"@id\":\"https:\/\/feenix.fr\/index.php\/qui-suis-je\/#breadcrumb\"},\"inLanguage\":\"fr-FR\",\"potentialAction\":[{\"@type\":\"ReadAction\",\"target\":[\"https:\/\/feenix.fr\/index.php\/qui-suis-je\/\"]}]},{\"@type\":\"BreadcrumbList\",\"@id\":\"https:\/\/feenix.fr\/index.php\/qui-suis-je\/#breadcrumb\",\"itemListElement\":[{\"@type\":\"ListItem\",\"position\":1,\"name\":\"Accueil\",\"item\":\"https:\/\/feenix.fr\/\"},{\"@type\":\"ListItem\",\"position\":2,\"name\":\"Qui suis-je?\"}]},{\"@type\":\"WebSite\",\"@id\":\"https:\/\/feenix.fr\/#website\",\"url\":\"https:\/\/feenix.fr\/\",\"name\":\"F\u00e9enix\",\"description\":\"Coach sportif Rennes\",\"publisher\":{\"@id\":\"https:\/\/feenix.fr\/#organization\"},\"potentialAction\":[{\"@type\":\"SearchAction\",\"target\":{\"@type\":\"EntryPoint\",\"urlTemplate\":\"https:\/\/feenix.fr\/?s={search_term_string}\"},\"query-input\":\"required name=search_term_string\"}],\"inLanguage\":\"fr-FR\"},{\"@type\":\"Organization\",\"@id\":\"https:\/\/feenix.fr\/#organization\",\"name\":\"F\u00e9enix\",\"url\":\"https:\/\/feenix.fr\/\",\"sameAs\":[],\"logo\":{\"@type\":\"ImageObject\",\"inLanguage\":\"fr-FR\",\"@id\":\"https:\/\/feenix.fr\/#\/schema\/logo\/image\/\",\"url\":\"https:\/\/feenix.fr\/wp-content\/uploads\/2022\/10\/logo-feenix-web.svg\",\"contentUrl\":\"https:\/\/feenix.fr\/wp-content\/uploads\/2022\/10\/logo-feenix-web.svg\",\"width\":600,\"height\":300,\"caption\":\"F\u00e9enix\"},\"image\":{\"@id\":\"https:\/\/feenix.fr\/#\/schema\/logo\/image\/\"}}]}<\/script>\n<!-- \/ Yoast SEO plugin. -->","yoast_head_json":{"title":"Qui suis-je? - F\u00e9enix","description":"Professionnel fitness et coach sportif sur Rennes et ses environs : Je vous propose un coaching de tr\u00e8s haute qualit\u00e9","robots":{"index":"index","follow":"follow","max-snippet":"max-snippet:-1","max-image-preview":"max-image-preview:large","max-video-preview":"max-video-preview:-1"},"canonical":"https:\/\/feenix.fr\/index.php\/qui-suis-je\/","og_locale":"fr_FR","og_type":"article","og_title":"Qui suis-je? - F\u00e9enix","og_description":"Professionnel fitness et coach sportif sur Rennes et ses environs : Je vous propose un coaching de tr\u00e8s haute qualit\u00e9","og_url":"https:\/\/feenix.fr\/index.php\/qui-suis-je\/","og_site_name":"F\u00e9enix","article_modified_time":"2024-11-19T19:56:52+00:00","og_image":[{"url":"https:\/\/feenix.fr\/wp-content\/uploads\/2022\/10\/allan-ploux-photographe-mariage-bretagne-28.jpg"}],"twitter_card":"summary_large_image","twitter_misc":{"Dur\u00e9e de lecture estim\u00e9e":"3 minutes"},"schema":{"@context":"https:\/\/schema.org","@graph":[{"@type":"WebPage","@id":"https:\/\/feenix.fr\/index.php\/qui-suis-je\/","url":"https:\/\/feenix.fr\/index.php\/qui-suis-je\/","name":"Qui suis-je? - F\u00e9enix","isPartOf":{"@id":"https:\/\/feenix.fr\/#website"},"datePublished":"2022-10-17T08:19:39+00:00","dateModified":"2024-11-19T19:56:52+00:00","description":"Professionnel fitness et coach sportif sur Rennes et ses environs : Je vous propose un coaching de tr\u00e8s haute qualit\u00e9","breadcrumb":{"@id":"https:\/\/feenix.fr\/index.php\/qui-suis-je\/#breadcrumb"},"inLanguage":"fr-FR","potentialAction":[{"@type":"ReadAction","target":["https:\/\/feenix.fr\/index.php\/qui-suis-je\/"]}]},{"@type":"BreadcrumbList","@id":"https:\/\/feenix.fr\/index.php\/qui-suis-je\/#breadcrumb","itemListElement":[{"@type":"ListItem","position":1,"name":"Accueil","item":"https:\/\/feenix.fr\/"},{"@type":"ListItem","position":2,"name":"Qui suis-je?"}]},{"@type":"WebSite","@id":"https:\/\/feenix.fr\/#website","url":"https:\/\/feenix.fr\/","name":"F\u00e9enix","description":"Coach sportif Rennes","publisher":{"@id":"https:\/\/feenix.fr\/#organization"},"potentialAction":[{"@type":"SearchAction","target":{"@type":"EntryPoint","urlTemplate":"https:\/\/feenix.fr\/?s={search_term_string}"},"query-input":"required name=search_term_string"}],"inLanguage":"fr-FR"},{"@type":"Organization","@id":"https:\/\/feenix.fr\/#organization","name":"F\u00e9enix","url":"https:\/\/feenix.fr\/","sameAs":[],"logo":{"@type":"ImageObject","inLanguage":"fr-FR","@id":"https:\/\/feenix.fr\/#\/schema\/logo\/image\/","url":"https:\/\/feenix.fr\/wp-content\/uploads\/2022\/10\/logo-feenix-web.svg","contentUrl":"https:\/\/feenix.fr\/wp-content\/uploads\/2022\/10\/logo-feenix-web.svg","width":600,"height":300,"caption":"F\u00e9enix"},"image":{"@id":"https:\/\/feenix.fr\/#\/schema\/logo\/image\/"}}]}},"_links":{"self":[{"href":"https:\/\/feenix.fr\/index.php\/wp-json\/wp\/v2\/pages\/138"}],"collection":[{"href":"https:\/\/feenix.fr\/index.php\/wp-json\/wp\/v2\/pages"}],"about":[{"href":"https:\/\/feenix.fr\/index.php\/wp-json\/wp\/v2\/types\/page"}],"author":[{"embeddable":true,"href":"https:\/\/feenix.fr\/index.php\/wp-json\/wp\/v2\/users\/1"}],"replies":[{"embeddable":true,"href":"https:\/\/feenix.fr\/index.php\/wp-json\/wp\/v2\/comments?post=138"}],"version-history":[{"count":127,"href":"https:\/\/feenix.fr\/index.php\/wp-json\/wp\/v2\/pages\/138\/revisions"}],"predecessor-version":[{"id":691,"href":"https:\/\/feenix.fr\/index.php\/wp-json\/wp\/v2\/pages\/138\/revisions\/691"}],"wp:attachment":[{"href":"https:\/\/feenix.fr\/index.php\/wp-json\/wp\/v2\/media?parent=138"}],"curies":[{"name":"wp","href":"https:\/\/api.w.org\/{rel}","templated":true}]}}